{"id":14434,"date":"2026-07-06T06:11:48","date_gmt":"2026-07-06T06:11:48","guid":{"rendered":"https:\/\/jerseys-dev.sizesall.us\/de\/product\/camiseta-primera-equipacion-espana-26\/"},"modified":"2026-08-02T21:10:56","modified_gmt":"2026-08-02T21:10:56","slug":"camiseta-primera-equipacion-espana-26","status":"publish","type":"product","link":"https:\/\/kryemo.com\/de\/product\/camiseta-primera-equipacion-espana-26\/","title":{"rendered":"Adidas Spanien Heimtrikot 26\/27 Herren"},"content":{"rendered":"<p>Das Spanien 26 Heimtrikot ist eine Hommage an die Leidenschaft und das Erbe des spanischen Fu\u00dfballs. Inspiriert von den lebendigen Farben der spanischen Flagge, ist es darauf ausgelegt, sowohl auf als auch neben dem Platz ein Statement zu setzen.<\/p>\n<p>COOL. Dry. Ready. Climacool leitet Schwei\u00df ab und verteilt ihn f\u00fcr eine k\u00fchle, trockene und ablenkungsfreie Leistung. Der schnell trocknende Interlock-Strickstoff sorgt daf\u00fcr, dass du dich auch bei intensiven Spielen wohlf\u00fchlst, sodass du dich auf deine Leistung konzentrieren kannst.<\/p>\n<p>Die schmale Passform schafft eine elegante Silhouette, die sich mit dir bewegt, w\u00e4hrend der Rippkragen einen klassischen Look verleiht. Die adidas Branding-Elemente und das Teamwappen runden das Trikot ab und unterstreichen seinen eleganten Stil.<\/p>\n<p>Ob du von den R\u00e4ngen aus anfeuerst oder selbst auf dem Platz stehst \u2013 zeige deinen Stolz f\u00fcr die spanische Nationalmannschaft mit diesem ikonischen Trikot von adidas, das den Geist des Fu\u00dfballs verk\u00f6rpert.<\/p>\n","protected":false},"excerpt":{"rendered":"<div id=\"navigation-target-shoe-story\">\n<div class=\"product-story_container__6EPKb\" data-uid=\"statement-1887950\">\n<section class=\"_statement_5zff0_81 color-theme-black\" style=\"background-color: rgb(254, 232, 0);\">\n<div class=\"grid-row no-gutters _content-row_5zff0_86 \" style=\"pointer-events: none;\">\n<div class=\"col--mb-s-6\">\n<div class=\"_content_5zff0_86\">\n<h2 class=\"_title_5zff0_141\">Spanien FIFA World Cup 26\u2122 Heimtrikot<\/h2>\n<p class=\"_summary_5zff0_165\" data-auto-id=\"summary\">Machen Sie sich bereit f\u00fcr die FIFA World Cup 26\u2122 mit dem Spanien Heimtrikot. Inspiriert von spanischer Eleganz, gebaut f\u00fcr die gro\u00dfe B\u00fchne. Das ist La Roja.<\/p>\n<\/div>\n<\/div>\n<\/div>\n<\/section>\n<\/div>\n<div class=\"product-story_container__6EPKb\" data-uid=\"statement-1888118\">\n<section class=\"_statement_5zff0_81 _color-theme-white_5zff0_211 has-background\">\n<div class=\"_fill-image_53wku_61 _fit-contain-tablet_53wku_71\" data-auto-id=\"picture\"><picture><source media=\"(min-width: 960px)\" srcset=\"https:\/\/brand.assets.adidas.com\/image\/upload\/global_wc26_home_jerseys_football_fw25_launch_spain_banner_statement_31_d_80a838f526.jpg\"><\/source><source media=\"(min-width: 768px)\" srcset=\"https:\/\/brand.assets.adidas.com\/image\/upload\/global_wc26_home_jerseys_football_fw25_launch_spain_banner_statement_31_t_9db7eb6d43.jpg\"><\/source><source media=\"(max-width: 767px)\" srcset=\"https:\/\/brand.assets.adidas.com\/image\/upload\/global_wc26_home_jerseys_football_fw25_launch_spain_banner_statement_31_m_3d9d26ecb7.jpg\"><\/source><img decoding=\"async\" src=\"https:\/\/kryemo.com\/wp-content\/uploads\/2026\/07\/global_wc26_home_jerseys_football_fw25_launch_spain_banner_statement_31_d_80a838_6cb16ced98.jpg\" alt=\"Visuelle Komposition mit Lamine Yamal im Spanien FIFA World Cup 26\u2122 Heimtrikot\" loading=\"lazy\" fetchpriority=\"auto\"><\/picture><\/div>\n<\/section>\n<\/div>\n<div class=\"product-story_container__6EPKb\" data-uid=\"banner-split-76464\">\n<section class=\"_wrapper_lj2kc_81 color-theme-black _right-aligned_lj2kc_227\" data-auto-id=\"bs-wrapper\">\n<div data-auto-id=\"bs-body\" class=\"_cell_lj2kc_91 _with-content_lj2kc_100\" style=\"background-color: rgb(254, 232, 0);\">\n<div class=\"_banner-split_lj2kc_104\">\n<h2 data-auto-id=\"bs-title\" class=\"_banner-split-title_lj2kc_148 _dynamic-alignment_lj2kc_222\">Dies ist Spaniens n\u00e4chstes Kapitel<\/h2>\n<p data-auto-id=\"bs-summary\" class=\"_banner-split-summary_lj2kc_172 _dynamic-alignment_lj2kc_222\">Das Spanien FIFA World Cup 26\u2122 Heimtrikot bringt die Farben der Flagge auf das Spielfeld. Lebendiges Rot, Dunkelblau und dezente Pinstripes unterstreichen die Eleganz des spanischen Fu\u00dfballs. Das Wappen \u00fcber dem Herzen sagt alles: Spanien ist eine Nation, die vom Fu\u00dfball angetrieben wird.<\/p>\n<\/div>\n<\/div>\n<div class=\"_cell_lj2kc_91\" data-auto-id=\"bs-media\">\n<div class=\"_banner-split-background_lj2kc_128\">\n<div class=\"_banner-split-fit-image_lj2kc_134\">\n<div class=\"_fill-image_53wku_61 _fit-contain-tablet_53wku_71\" data-auto-id=\"picture\"><picture><source media=\"(min-width: 960px)\" srcset=\"https:\/\/brand.assets.adidas.com\/image\/upload\/global_wc26_home_jerseys_football_fw25_launch_spain_banner_split_7_d_b4d49ba03b.jpg\"><\/source><source media=\"(min-width: 768px)\" srcset=\"https:\/\/brand.assets.adidas.com\/image\/upload\/global_wc26_home_jerseys_football_fw25_launch_spain_banner_split_7_t_840665316f.jpg\"><\/source><source media=\"(max-width: 767px)\" srcset=\"https:\/\/brand.assets.adidas.com\/image\/upload\/global_wc26_home_jerseys_football_fw25_launch_spain_banner_split_7_m_785e569b52.jpg\"><\/source><img decoding=\"async\" src=\"https:\/\/kryemo.com\/wp-content\/uploads\/2026\/07\/global_wc26_home_jerseys_football_fw25_launch_spain_banner_split_7_d_b4d49ba03b_69c6dba70a.jpg\" alt=\"Visuelle Komposition mit der R\u00fcckseite des Spanien FIFA World Cup 26\u2122 Heimtrikots\" loading=\"lazy\" fetchpriority=\"auto\"><\/picture><\/div>\n<\/div>\n<\/div>\n<\/div>\n<\/section>\n<\/div>\n<\/div>\n","protected":false},"featured_media":23572,"comment_status":"open","ping_status":"closed","template":"","meta":[],"product_brand":[33],"product_cat":[224],"product_tag":[],"class_list":["post-14434","product","type-product","status-publish","has-post-thumbnail","product_brand-adidas","product_cat-spain","first","instock","shipping-taxable","purchasable","product-type-variable"],"_links":{"self":[{"href":"https:\/\/kryemo.com\/de\/wp-json\/wp\/v2\/product\/14434","targetHints":{"allow":["GET"]}}],"collection":[{"href":"https:\/\/kryemo.com\/de\/wp-json\/wp\/v2\/product"}],"about":[{"href":"https:\/\/kryemo.com\/de\/wp-json\/wp\/v2\/types\/product"}],"replies":[{"embeddable":true,"href":"https:\/\/kryemo.com\/de\/wp-json\/wp\/v2\/comments?post=14434"}],"wp:featuredmedia":[{"embeddable":true,"href":"https:\/\/kryemo.com\/de\/wp-json\/wp\/v2\/media\/23572"}],"wp:attachment":[{"href":"https:\/\/kryemo.com\/de\/wp-json\/wp\/v2\/media?parent=14434"}],"wp:term":[{"taxonomy":"product_brand","embeddable":true,"href":"https:\/\/kryemo.com\/de\/wp-json\/wp\/v2\/product_brand?post=14434"},{"taxonomy":"product_cat","embeddable":true,"href":"https:\/\/kryemo.com\/de\/wp-json\/wp\/v2\/product_cat?post=14434"},{"taxonomy":"product_tag","embeddable":true,"href":"https:\/\/kryemo.com\/de\/wp-json\/wp\/v2\/product_tag?post=14434"}],"curies":[{"name":"wp","href":"https:\/\/api.w.org\/{rel}","templated":true}]}}

<p>Das Spanien 26 Heimtrikot ist eine Hommage an die Leidenschaft und das Erbe des spanischen Fußballs. Inspiriert von den lebendigen Farben der spanischen Flagge, ist es darauf ausgelegt, sowohl auf als auch neben dem Platz ein Statement zu setzen.</p>
<p>COOL. Dry. Ready. Climacool leitet Schweiß ab und verteilt ihn für eine kühle, trockene und ablenkungsfreie Leistung. Der schnell trocknende Interlock-Strickstoff sorgt dafür, dass du dich auch bei intensiven Spielen wohlfühlst, sodass du dich auf deine Leistung konzentrieren kannst.</p>
<p>Die schmale Passform schafft eine elegante Silhouette, die sich mit dir bewegt, während der Rippkragen einen klassischen Look verleiht. Die adidas Branding-Elemente und das Teamwappen runden das Trikot ab und unterstreichen seinen eleganten Stil.</p>
<p>Ob du von den Rängen aus anfeuerst oder selbst auf dem Platz stehst – zeige deinen Stolz für die spanische Nationalmannschaft mit diesem ikonischen Trikot von adidas, das den Geist des Fußballs verkörpert.</p>

<div id="navigation-target-shoe-story">
<div class="product-story_container__6EPKb" data-uid="statement-1887950">
<section class="_statement_5zff0_81 color-theme-black" style="background-color: rgb(254, 232, 0);">
<div class="grid-row no-gutters _content-row_5zff0_86 " style="pointer-events: none;">
<div class="col--mb-s-6">
<div class="_content_5zff0_86">
<h2 class="_title_5zff0_141">Spanien FIFA World Cup 26™ Heimtrikot</h2>
<p class="_summary_5zff0_165" data-auto-id="summary">Machen Sie sich bereit für die FIFA World Cup 26™ mit dem Spanien Heimtrikot. Inspiriert von spanischer Eleganz, gebaut für die große Bühne. Das ist La Roja.</p>
</div>
</div>
</div>
</section>
</div>
<div class="product-story_container__6EPKb" data-uid="statement-1888118">
<section class="_statement_5zff0_81 _color-theme-white_5zff0_211 has-background">
<div class="_fill-image_53wku_61 _fit-contain-tablet_53wku_71" data-auto-id="picture"><picture><source media="(min-width: 960px)" srcset="https://brand.assets.adidas.com/image/upload/global_wc26_home_jerseys_football_fw25_launch_spain_banner_statement_31_d_80a838f526.jpg"></source><source media="(min-width: 768px)" srcset="https://brand.assets.adidas.com/image/upload/global_wc26_home_jerseys_football_fw25_launch_spain_banner_statement_31_t_9db7eb6d43.jpg"></source><source media="(max-width: 767px)" srcset="https://brand.assets.adidas.com/image/upload/global_wc26_home_jerseys_football_fw25_launch_spain_banner_statement_31_m_3d9d26ecb7.jpg"></source><img decoding="async" src="https://kryemo.com/wp-content/uploads/2026/07/global_wc26_home_jerseys_football_fw25_launch_spain_banner_statement_31_d_80a838_6cb16ced98.jpg" alt="Visuelle Komposition mit Lamine Yamal im Spanien FIFA World Cup 26™ Heimtrikot" loading="lazy" fetchpriority="auto"></picture></div>
</section>
</div>
<div class="product-story_container__6EPKb" data-uid="banner-split-76464">
<section class="_wrapper_lj2kc_81 color-theme-black _right-aligned_lj2kc_227" data-auto-id="bs-wrapper">
<div data-auto-id="bs-body" class="_cell_lj2kc_91 _with-content_lj2kc_100" style="background-color: rgb(254, 232, 0);">
<div class="_banner-split_lj2kc_104">
<h2 data-auto-id="bs-title" class="_banner-split-title_lj2kc_148 _dynamic-alignment_lj2kc_222">Dies ist Spaniens nächstes Kapitel</h2>
<p data-auto-id="bs-summary" class="_banner-split-summary_lj2kc_172 _dynamic-alignment_lj2kc_222">Das Spanien FIFA World Cup 26™ Heimtrikot bringt die Farben der Flagge auf das Spielfeld. Lebendiges Rot, Dunkelblau und dezente Pinstripes unterstreichen die Eleganz des spanischen Fußballs. Das Wappen über dem Herzen sagt alles: Spanien ist eine Nation, die vom Fußball angetrieben wird.</p>
</div>
</div>
<div class="_cell_lj2kc_91" data-auto-id="bs-media">
<div class="_banner-split-background_lj2kc_128">
<div class="_banner-split-fit-image_lj2kc_134">
<div class="_fill-image_53wku_61 _fit-contain-tablet_53wku_71" data-auto-id="picture"><picture><source media="(min-width: 960px)" srcset="https://brand.assets.adidas.com/image/upload/global_wc26_home_jerseys_football_fw25_launch_spain_banner_split_7_d_b4d49ba03b.jpg"></source><source media="(min-width: 768px)" srcset="https://brand.assets.adidas.com/image/upload/global_wc26_home_jerseys_football_fw25_launch_spain_banner_split_7_t_840665316f.jpg"></source><source media="(max-width: 767px)" srcset="https://brand.assets.adidas.com/image/upload/global_wc26_home_jerseys_football_fw25_launch_spain_banner_split_7_m_785e569b52.jpg"></source><img decoding="async" src="https://kryemo.com/wp-content/uploads/2026/07/global_wc26_home_jerseys_football_fw25_launch_spain_banner_split_7_d_b4d49ba03b_69c6dba70a.jpg" alt="Visuelle Komposition mit der Rückseite des Spanien FIFA World Cup 26™ Heimtrikots" loading="lazy" fetchpriority="auto"></picture></div>
</div>
</div>
</div>
</section>
</div>
</div>
