{"id":14646,"date":"2026-07-06T06:14:39","date_gmt":"2026-07-06T06:14:39","guid":{"rendered":"https:\/\/jerseys-dev.sizesall.us\/de\/product\/camiseta-segunda-equipacion-espana-26-2\/"},"modified":"2026-08-02T21:16:42","modified_gmt":"2026-08-02T21:16:42","slug":"camiseta-segunda-equipacion-espana-26-2","status":"publish","type":"product","link":"https:\/\/kryemo.com\/de\/product\/camiseta-segunda-equipacion-espana-26-2\/","title":{"rendered":"Adidas Spanien Ausw\u00e4rtstrikot 26\/27 Damen"},"content":{"rendered":"<div class=\"description_description__laxrX\">\n<div class=\"description_text-content__zFrZJ\">\n<h3 class=\"description_subtitle__5h3_L\">Ein Trikot der zweiten Equipaci\u00f3n von Spanien mit Climacool-Technologie f\u00fcr frische und trockene Leistung<\/h3>\n<p class=\"description_margin__cBW26\">Das Ausw\u00e4rtstrikot von Spanien 26\/27, das die beeindruckende literarische Tradition Spaniens w\u00fcrdigt, l\u00e4sst sich von kunstvollen Manuskripten und klassischen literarischen Verzierungen inspirieren und verbindet Retro-Stil mit modernem Fu\u00dfballdesign. Reguliert die Temperatur. Leitet Feuchtigkeit ab. Maximale Leistung. Die Climacool-Technologie leitet Schwei\u00df ab und verdunsten, h\u00e4lt die Haut k\u00fchl und trocken, damit nichts Sie ablenkt. Mit klassischem Schnitt und leicht erh\u00f6htem Rundhalsausschnitt genie\u00dfen Sie einen eleganten Look und zeitlosen Komfort. Dar\u00fcber hinaus verleihen die 3 aufgebrachten Streifen und das gestickte adidas-Logo einen dezenten Hauch von Authentizit\u00e4t. Wir haben jedes Detail im Hinblick auf Leistung und Stil gestaltet, daher ist dieses Trikot eine hervorragende Wahl f\u00fcr Fans und Athleten gleicherma\u00dfen. Ehre die spanische Kultur und den Fu\u00dfball mit adidas-Innovation und einem ikonischen Design.<\/p>\n<\/div>\n<div class=\"description_media__QUtul\"><img decoding=\"async\" data-auto-id=\"description-image\" src=\"https:\/\/kryemo.com\/wp-content\/uploads\/2026\/07\/Camiseta_segunda_equipacion_Espana_26_Blanco_KB0476_25_model_cc502d0ff9-1.jpg\" srcset=\"https:\/\/kryemo.com\/wp-content\/uploads\/2026\/07\/Camiseta_segunda_equipacion_Espana_26_Blanco_KB0476_25_model_e612bbe58a.jpg 320w, https:\/\/kryemo.com\/wp-content\/uploads\/2026\/07\/Camiseta_segunda_equipacion_Espana_26_Blanco_KB0476_25_model_a1b1f07a4b.jpg 420w, https:\/\/kryemo.com\/wp-content\/uploads\/2026\/07\/Camiseta_segunda_equipacion_Espana_26_Blanco_KB0476_25_model_529d4996bc.jpg 600w, https:\/\/kryemo.com\/wp-content\/uploads\/2026\/07\/Camiseta_segunda_equipacion_Espana_26_Blanco_KB0476_25_model_0907fc2605.jpg 640w, https:\/\/kryemo.com\/wp-content\/uploads\/2026\/07\/Camiseta_segunda_equipacion_Espana_26_Blanco_KB0476_25_model_b88cab396c.jpg 840w\" sizes=\"(max-width: 320px) 320px, (max-width: 420px) 420px, (max-width: 600px) 600px, (max-width: 640px) 640px, (max-width: 840px) 840px\" alt=\"Wei\u00dfes Ausw\u00e4rtstrikot Spanien 26\/27\"><\/div>\n<\/div>\n","protected":false},"excerpt":{"rendered":"<div id=\"navigation-target-shoe-story\">\n<div class=\"product-story_container__6EPKb\" data-uid=\"statement-1973047\">\n<section class=\"_statement_5zff0_81 _color-theme-white_5zff0_211 has-background\">\n<div class=\"_fill-image_53wku_61 _fit-contain-tablet_53wku_71\" data-auto-id=\"picture\"><picture><source media=\"(min-width: 960px)\" srcset=\"https:\/\/brand.assets.adidas.com\/image\/upload\/global_wc26_away_jerseys_Spain_football_ss26_launch_product_detail_page_banner_statement_1_d_44cb7ba35f.jpg\"><\/source><source media=\"(min-width: 768px)\" srcset=\"https:\/\/brand.assets.adidas.com\/image\/upload\/global_wc26_away_jerseys_Spain_football_ss26_launch_product_detail_page_banner_statement_1_t_d1e3b253d5.jpg\"><\/source><source media=\"(max-width: 767px)\" srcset=\"https:\/\/brand.assets.adidas.com\/image\/upload\/global_wc26_away_jerseys_Spain_football_ss26_launch_product_detail_page_banner_statement_1_m_be3a41c3f5.jpg\"><\/source><img decoding=\"async\" src=\"https:\/\/kryemo.com\/wp-content\/uploads\/2026\/07\/global_wc26_away_jerseys_Spain_football_ss26_launch_product_detail_page_banner_s_ae37525df2-scaled.jpg\" alt=\"Bild mit Fans, die das neue Ausw\u00e4rtstrikot von Spanien f\u00fcr die FIFA-Weltmeisterschaft 2026\u2122 tragen\" loading=\"lazy\" fetchpriority=\"auto\"><\/picture><\/div>\n<\/section>\n<\/div>\n<div class=\"product-story_container__6EPKb\" data-uid=\"statement-1973138\">\n<section class=\"_statement_5zff0_81 _color-theme-white_5zff0_211 has-background\">\n<div class=\"_fill-image_53wku_61 _fit-contain-tablet_53wku_71\" data-auto-id=\"picture\"><picture><source media=\"(min-width: 960px)\" srcset=\"https:\/\/brand.assets.adidas.com\/image\/upload\/global_wc26_away_jerseys_Spain_football_ss26_launch_product_detail_page_banner_statement_2_d_b3b676c29d.jpg\"><\/source><source media=\"(min-width: 768px)\" srcset=\"https:\/\/brand.assets.adidas.com\/image\/upload\/global_wc26_away_jerseys_Spain_football_ss26_launch_product_detail_page_banner_statement_2_t_c2fee003ba.jpg\"><\/source><source media=\"(max-width: 767px)\" srcset=\"https:\/\/brand.assets.adidas.com\/image\/upload\/global_wc26_away_jerseys_Spain_football_ss26_launch_product_detail_page_banner_statement_2_m_9f7dcf9c45.jpg\"><\/source><img decoding=\"async\" src=\"https:\/\/kryemo.com\/wp-content\/uploads\/2026\/07\/global_wc26_away_jerseys_Spain_football_ss26_launch_product_detail_page_banner_s_67f791a173-scaled.jpg\" alt=\"Bild mit Fans, die das neue Ausw\u00e4rtstrikot von Spanien f\u00fcr die FIFA-Weltmeisterschaft 2026\u2122 tragen\" loading=\"lazy\" fetchpriority=\"auto\"><\/picture><\/div>\n<div class=\"grid-row no-gutters _content-row_5zff0_86 _has-background-media_5zff0_90\" style=\"pointer-events: none;\">\n<div class=\"col--mb-s-6\">\n<div class=\"_content_5zff0_86\">\n<h2 class=\"_title_5zff0_141\">Ausw\u00e4rtstrikot Spanien FIFA-Weltmeisterschaft 2026\u2122<\/h2>\n<p class=\"_summary_5zff0_165\" data-auto-id=\"summary\">Elegant, selbstbewusst und voller Pers\u00f6nlichkeit \u2013 das Ausw\u00e4rtstrikot von Spanien f\u00fcr die FIFA-Weltmeisterschaft 2026\u2122 wurde f\u00fcr Spieltage und f\u00fcr unterwegs entworfen.<\/p>\n<\/div>\n<\/div>\n<\/div>\n<\/section>\n<\/div>\n<div class=\"product-story_container__6EPKb\" data-uid=\"banner-split-86112\">\n<section class=\"_wrapper_lj2kc_81 _color-theme-white_lj2kc_206 _right-aligned_lj2kc_227\" data-auto-id=\"bs-wrapper\">\n<div data-auto-id=\"bs-body\" class=\"_cell_lj2kc_91 _with-content_lj2kc_100\" style=\"background-color: rgb(0, 1, 1);\">\n<div class=\"_banner-split_lj2kc_104\">\n<h2 data-auto-id=\"bs-title\" class=\"_banner-split-title_lj2kc_148 _dynamic-alignment_lj2kc_222\">Der Treffpunkt von Eleganz und Leidenschaft<\/h2>\n<p data-auto-id=\"bs-summary\" class=\"_banner-split-summary_lj2kc_172 _dynamic-alignment_lj2kc_222\">Inspiriert von den charakteristischen Ornamenten der spanischen Literatur, verleiht das Ausw\u00e4rtstrikot von Spanien f\u00fcr die FIFA-Weltmeisterschaft 2026\u2122 der Geschichte des Landes eine einzigartige und elegante Seele. Dieses Ausw\u00e4rtstrikot vereint Bewegung, die Eleganz von Off-White und die Energie von Bordeaux zu einem auff\u00e4lligen Look, bei dem jedes Detail eine glorreiche Vergangenheit und eine kreative Zukunft widerspiegelt.<\/p>\n<\/div>\n<\/div>\n<div class=\"_cell_lj2kc_91\" data-auto-id=\"bs-media\">\n<div class=\"_banner-split-background_lj2kc_128\">\n<div class=\"_banner-split-fit-image_lj2kc_134\">\n<div class=\"_fill-image_53wku_61 _fit-contain-tablet_53wku_71\" data-auto-id=\"picture\"><picture><source media=\"(min-width: 960px)\" srcset=\"https:\/\/brand.assets.adidas.com\/image\/upload\/global_wc26_away_jerseys_Spain_football_ss26_launch_product_detail_page_banner_split_d_e1aa73ea94.jpg\"><\/source><source media=\"(min-width: 768px)\" srcset=\"https:\/\/brand.assets.adidas.com\/image\/upload\/global_wc26_away_jerseys_Spain_football_ss26_launch_product_detail_page_banner_split_t_6aa131d59f.jpg\"><\/source><source media=\"(max-width: 767px)\" srcset=\"https:\/\/brand.assets.adidas.com\/image\/upload\/global_wc26_away_jerseys_Spain_football_ss26_launch_product_detail_page_banner_split_m_431fc2b630.jpg\"><\/source><img decoding=\"async\" src=\"https:\/\/kryemo.com\/wp-content\/uploads\/2026\/07\/global_wc26_away_jerseys_Spain_football_ss26_launch_product_detail_page_banner_s_fcfd1a5a74.jpg\" alt=\"Bild mit einem Spieler, der das neue Ausw\u00e4rtstrikot von Spanien f\u00fcr die FIFA-Weltmeisterschaft 2026\u2122 tr\u00e4gt\" loading=\"lazy\" fetchpriority=\"auto\"><\/picture><\/div>\n<\/div>\n<\/div>\n<\/div>\n<\/section>\n<\/div>\n<div class=\"product-story_container__6EPKb\" data-uid=\"collection-wayfinding-11075\">\n<section class=\"_statement_5zff0_81 _color-theme-white_5zff0_211\">\n<div class=\"grid-row no-gutters _content-row_5zff0_86 \" style=\"pointer-events: none;\">\n<div class=\"col--mb-s-6\">\n<div class=\"_content_5zff0_86\">\n<h2 class=\"_title_5zff0_141\">SICHERN SIE SICH IHRE FAVORITEN<\/h2>\n<\/div>\n<\/div>\n<\/div>\n<\/section>\n<\/div>\n<\/div>\n","protected":false},"featured_media":23788,"comment_status":"open","ping_status":"closed","template":"","meta":[],"product_brand":[33],"product_cat":[224],"product_tag":[],"class_list":["post-14646","product","type-product","status-publish","has-post-thumbnail","product_brand-adidas","product_cat-spain","first","instock","shipping-taxable","purchasable","product-type-variable"],"_links":{"self":[{"href":"https:\/\/kryemo.com\/de\/wp-json\/wp\/v2\/product\/14646","targetHints":{"allow":["GET"]}}],"collection":[{"href":"https:\/\/kryemo.com\/de\/wp-json\/wp\/v2\/product"}],"about":[{"href":"https:\/\/kryemo.com\/de\/wp-json\/wp\/v2\/types\/product"}],"replies":[{"embeddable":true,"href":"https:\/\/kryemo.com\/de\/wp-json\/wp\/v2\/comments?post=14646"}],"wp:featuredmedia":[{"embeddable":true,"href":"https:\/\/kryemo.com\/de\/wp-json\/wp\/v2\/media\/23788"}],"wp:attachment":[{"href":"https:\/\/kryemo.com\/de\/wp-json\/wp\/v2\/media?parent=14646"}],"wp:term":[{"taxonomy":"product_brand","embeddable":true,"href":"https:\/\/kryemo.com\/de\/wp-json\/wp\/v2\/product_brand?post=14646"},{"taxonomy":"product_cat","embeddable":true,"href":"https:\/\/kryemo.com\/de\/wp-json\/wp\/v2\/product_cat?post=14646"},{"taxonomy":"product_tag","embeddable":true,"href":"https:\/\/kryemo.com\/de\/wp-json\/wp\/v2\/product_tag?post=14646"}],"curies":[{"name":"wp","href":"https:\/\/api.w.org\/{rel}","templated":true}]}}

Adidas Spanien Auswärtstrikot 26/27 Damen

<div class="description_description__laxrX">
<div class="description_text-content__zFrZJ">
<h3 class="description_subtitle__5h3_L">Ein Trikot der zweiten Equipación von Spanien mit Climacool-Technologie für frische und trockene Leistung</h3>
<p class="description_margin__cBW26">Das Auswärtstrikot von Spanien 26/27, das die beeindruckende literarische Tradition Spaniens würdigt, lässt sich von kunstvollen Manuskripten und klassischen literarischen Verzierungen inspirieren und verbindet Retro-Stil mit modernem Fußballdesign. Reguliert die Temperatur. Leitet Feuchtigkeit ab. Maximale Leistung. Die Climacool-Technologie leitet Schweiß ab und verdunsten, hält die Haut kühl und trocken, damit nichts Sie ablenkt. Mit klassischem Schnitt und leicht erhöhtem Rundhalsausschnitt genießen Sie einen eleganten Look und zeitlosen Komfort. Darüber hinaus verleihen die 3 aufgebrachten Streifen und das gestickte adidas-Logo einen dezenten Hauch von Authentizität. Wir haben jedes Detail im Hinblick auf Leistung und Stil gestaltet, daher ist dieses Trikot eine hervorragende Wahl für Fans und Athleten gleichermaßen. Ehre die spanische Kultur und den Fußball mit adidas-Innovation und einem ikonischen Design.</p>
</div>
<div class="description_media__QUtul"><img decoding="async" data-auto-id="description-image" src="https://kryemo.com/wp-content/uploads/2026/07/Camiseta_segunda_equipacion_Espana_26_Blanco_KB0476_25_model_cc502d0ff9-1.jpg" srcset="https://kryemo.com/wp-content/uploads/2026/07/Camiseta_segunda_equipacion_Espana_26_Blanco_KB0476_25_model_e612bbe58a.jpg 320w, https://kryemo.com/wp-content/uploads/2026/07/Camiseta_segunda_equipacion_Espana_26_Blanco_KB0476_25_model_a1b1f07a4b.jpg 420w, https://kryemo.com/wp-content/uploads/2026/07/Camiseta_segunda_equipacion_Espana_26_Blanco_KB0476_25_model_529d4996bc.jpg 600w, https://kryemo.com/wp-content/uploads/2026/07/Camiseta_segunda_equipacion_Espana_26_Blanco_KB0476_25_model_0907fc2605.jpg 640w, https://kryemo.com/wp-content/uploads/2026/07/Camiseta_segunda_equipacion_Espana_26_Blanco_KB0476_25_model_b88cab396c.jpg 840w" sizes="(max-width: 320px) 320px, (max-width: 420px) 420px, (max-width: 600px) 600px, (max-width: 640px) 640px, (max-width: 840px) 840px" alt="Weißes Auswärtstrikot Spanien 26/27"></div>
</div>

<div id="navigation-target-shoe-story">
<div class="product-story_container__6EPKb" data-uid="statement-1973047">
<section class="_statement_5zff0_81 _color-theme-white_5zff0_211 has-background">
<div class="_fill-image_53wku_61 _fit-contain-tablet_53wku_71" data-auto-id="picture"><picture><source media="(min-width: 960px)" srcset="https://brand.assets.adidas.com/image/upload/global_wc26_away_jerseys_Spain_football_ss26_launch_product_detail_page_banner_statement_1_d_44cb7ba35f.jpg"></source><source media="(min-width: 768px)" srcset="https://brand.assets.adidas.com/image/upload/global_wc26_away_jerseys_Spain_football_ss26_launch_product_detail_page_banner_statement_1_t_d1e3b253d5.jpg"></source><source media="(max-width: 767px)" srcset="https://brand.assets.adidas.com/image/upload/global_wc26_away_jerseys_Spain_football_ss26_launch_product_detail_page_banner_statement_1_m_be3a41c3f5.jpg"></source><img decoding="async" src="https://kryemo.com/wp-content/uploads/2026/07/global_wc26_away_jerseys_Spain_football_ss26_launch_product_detail_page_banner_s_ae37525df2-scaled.jpg" alt="Bild mit Fans, die das neue Auswärtstrikot von Spanien für die FIFA-Weltmeisterschaft 2026™ tragen" loading="lazy" fetchpriority="auto"></picture></div>
</section>
</div>
<div class="product-story_container__6EPKb" data-uid="statement-1973138">
<section class="_statement_5zff0_81 _color-theme-white_5zff0_211 has-background">
<div class="_fill-image_53wku_61 _fit-contain-tablet_53wku_71" data-auto-id="picture"><picture><source media="(min-width: 960px)" srcset="https://brand.assets.adidas.com/image/upload/global_wc26_away_jerseys_Spain_football_ss26_launch_product_detail_page_banner_statement_2_d_b3b676c29d.jpg"></source><source media="(min-width: 768px)" srcset="https://brand.assets.adidas.com/image/upload/global_wc26_away_jerseys_Spain_football_ss26_launch_product_detail_page_banner_statement_2_t_c2fee003ba.jpg"></source><source media="(max-width: 767px)" srcset="https://brand.assets.adidas.com/image/upload/global_wc26_away_jerseys_Spain_football_ss26_launch_product_detail_page_banner_statement_2_m_9f7dcf9c45.jpg"></source><img decoding="async" src="https://kryemo.com/wp-content/uploads/2026/07/global_wc26_away_jerseys_Spain_football_ss26_launch_product_detail_page_banner_s_67f791a173-scaled.jpg" alt="Bild mit Fans, die das neue Auswärtstrikot von Spanien für die FIFA-Weltmeisterschaft 2026™ tragen" loading="lazy" fetchpriority="auto"></picture></div>
<div class="grid-row no-gutters _content-row_5zff0_86 _has-background-media_5zff0_90" style="pointer-events: none;">
<div class="col--mb-s-6">
<div class="_content_5zff0_86">
<h2 class="_title_5zff0_141">Auswärtstrikot Spanien FIFA-Weltmeisterschaft 2026™</h2>
<p class="_summary_5zff0_165" data-auto-id="summary">Elegant, selbstbewusst und voller Persönlichkeit – das Auswärtstrikot von Spanien für die FIFA-Weltmeisterschaft 2026™ wurde für Spieltage und für unterwegs entworfen.</p>
</div>
</div>
</div>
</section>
</div>
<div class="product-story_container__6EPKb" data-uid="banner-split-86112">
<section class="_wrapper_lj2kc_81 _color-theme-white_lj2kc_206 _right-aligned_lj2kc_227" data-auto-id="bs-wrapper">
<div data-auto-id="bs-body" class="_cell_lj2kc_91 _with-content_lj2kc_100" style="background-color: rgb(0, 1, 1);">
<div class="_banner-split_lj2kc_104">
<h2 data-auto-id="bs-title" class="_banner-split-title_lj2kc_148 _dynamic-alignment_lj2kc_222">Der Treffpunkt von Eleganz und Leidenschaft</h2>
<p data-auto-id="bs-summary" class="_banner-split-summary_lj2kc_172 _dynamic-alignment_lj2kc_222">Inspiriert von den charakteristischen Ornamenten der spanischen Literatur, verleiht das Auswärtstrikot von Spanien für die FIFA-Weltmeisterschaft 2026™ der Geschichte des Landes eine einzigartige und elegante Seele. Dieses Auswärtstrikot vereint Bewegung, die Eleganz von Off-White und die Energie von Bordeaux zu einem auffälligen Look, bei dem jedes Detail eine glorreiche Vergangenheit und eine kreative Zukunft widerspiegelt.</p>
</div>
</div>
<div class="_cell_lj2kc_91" data-auto-id="bs-media">
<div class="_banner-split-background_lj2kc_128">
<div class="_banner-split-fit-image_lj2kc_134">
<div class="_fill-image_53wku_61 _fit-contain-tablet_53wku_71" data-auto-id="picture"><picture><source media="(min-width: 960px)" srcset="https://brand.assets.adidas.com/image/upload/global_wc26_away_jerseys_Spain_football_ss26_launch_product_detail_page_banner_split_d_e1aa73ea94.jpg"></source><source media="(min-width: 768px)" srcset="https://brand.assets.adidas.com/image/upload/global_wc26_away_jerseys_Spain_football_ss26_launch_product_detail_page_banner_split_t_6aa131d59f.jpg"></source><source media="(max-width: 767px)" srcset="https://brand.assets.adidas.com/image/upload/global_wc26_away_jerseys_Spain_football_ss26_launch_product_detail_page_banner_split_m_431fc2b630.jpg"></source><img decoding="async" src="https://kryemo.com/wp-content/uploads/2026/07/global_wc26_away_jerseys_Spain_football_ss26_launch_product_detail_page_banner_s_fcfd1a5a74.jpg" alt="Bild mit einem Spieler, der das neue Auswärtstrikot von Spanien für die FIFA-Weltmeisterschaft 2026™ trägt" loading="lazy" fetchpriority="auto"></picture></div>
</div>
</div>
</div>
</section>
</div>
<div class="product-story_container__6EPKb" data-uid="collection-wayfinding-11075">
<section class="_statement_5zff0_81 _color-theme-white_5zff0_211">
<div class="grid-row no-gutters _content-row_5zff0_86 " style="pointer-events: none;">
<div class="col--mb-s-6">
<div class="_content_5zff0_86">
<h2 class="_title_5zff0_141">SICHERN SIE SICH IHRE FAVORITEN</h2>
</div>
</div>
</div>
</section>
</div>
</div>
